i**2 + 1. What is v(2)?
21
Let g(x) = x - 16. Determine g(-17).
-33
Let j(v) = -17*v**2 - 3*v - 1. Calculate j(-2).
-63
Let r(d) = 5*d + 1. Determine r(3).
16
Let y(l) = l**3 + 15*l**2 - 21*l - 71. What is y(-16)?
9
Let a(x) = -20*x + 4. Give a(-1).
24
Let x(z) = -z**2 - 17*z - 46. Determine x(-14).
-4
Let o(n) = -4*n**2 + n - 3. Determine o(-2).
-21
Let l(s) = 17*s - 6. Calculate l(6).
96
Let b(u) = -u**2 + 7*u + 3. What is b(10)?
-27
Let p(f) = -3*f - 32. Determine p(-17).
19
Let i(q) = q**2 + 9*q + 3. Calculate i(-12).
39
Let k(l) = -l**3 + 14*l**2 + l - 11. Calculate k(14).
3
Let w(z) = 59*z**2 + 3*z + 2. Calculate w(-1).
58
Let i(v) = 7*v**2 + 57*v + 48. Determine i(-7).
-8
Let w(u) = -u**3 - 11*u**2 + 15*u + 17. Determine w(-12).
-19
Let n(i) = 11*i - 27. What is n(8)?
61
Let d(a) = -2*a**2 + 40*a + 78. Give d(22).
-10
Let n(p) = -p**2 - 6*p - 6. What is n(-10)?
-46
Let l(w) = 3*w**2 - 12*w - 2. Determine l(-3).
61
Let m(i) = i**2 + 4*i + 1. Determine m(-3).
-2
Let g(n) = n**2 + 6*n + 17. What is g(-8)?
33
Let c(g) = 50*g + 306. Give c(-6).
6
Let s(j) = j**2 + 15*j + 37. Give s(-4).
-7
Let q(c) = 5*c + 6. Calculate q(-5).
-19
Let w(l) = 2*l**2 + 33*l + 92. What is w(-3)?
11
Let j(f) = -2*f**2 + 4*f + 1. What is j(4)?
-15
Let j(f) = 21*f. Determine j(1).
21
Let l(h) = 5*h**2 + 47*h + 13. Determine l(-9).
-5
Let y(l) = l**3 + 5*l**2 - 5*l + 1. What is y(-6)?
-5
Let s(d) = 37*d - 446. Give s(12).
-2
Let v(q) = 11*q - 10. Determine v(5).
45
Let t(f) = -2*f**3 - 43*f**2 - 30*f - 77. What is t(-21)?
112
Let r(z) = 379*z - 1512. Determine r(4).
4
Let u(r) = 5*r - 33. Determine u(14).
37
Let o(i) = 2*i**2 - 2*i - 3. Calculate o(-2).
9
Let a(o) = -o**2 - 19*o - 51. What is a(-17)?
-17
Let x(c) = -2*c + 3. Determine x(-1).
5
Let v(b) = -3*b - 28. Give v(-11).
5
Let o(l) = l**3 - l**2 + l + 17. Determine o(0).
17
Let s(v) = -3*v + 4. Give s(-3).
13
Let f(m) = 8*m + 8. What is f(-7)?
-48
Let f(i) = -34*i**3 + i**2 - 1. What is f(1)?
-34
Let d(x) = -2*x - 58. Give d(-28).
-2
Let d(j) = -4*j - 58. What is d(-16)?
6
Let w(z) = -z + 34. Give w(27).
7
Let f(l) = l**2 - 13*l - 11. Determine f(14).
3
Let d(y) = -13*y + 3. What is d(-1)?
16
Let r(b) = 26*b - 10. Give r(-2).
-62
Let g(v) = -12*v + 11. What is g(6)?
-61
Let l(x) = x**3 + 3*x**2 + x - 7. Give l(-3).
-10
Let n(h) = 49*h - 285. Give n(6).
9
Let z(b) = 8*b - 11. Give z(6).
37
Let g(c) = c**3 + 11*c**2 - 8*c + 473. Give g(-14).
-3
Let c(m) = -m**3 - 61*m**2 + 190*m - 132. Calculate c(-64).
-4
Let d(k) = -2*k**2 - 8*k - 3. What is d(-6)?
-27
Let r(m) = -15*m + 62. Calculate r(4).
2
Let h(y) = -y**2 + 24*y - 113. Determine h(6).
-5
Let t(z) = 4*z**2 - 9*z. Calculate t(6).
90
Let f(x) = 3*x + 4. What is f(-1)?
1
Let m(b) = 4*b - 51. Give m(9).
-15
Let m(f) = -f**2 + 11*f - 21. Calculate m(8).
3
Let q(r) = -r**3 - 5*r**2 + 5*r - 5. Calculate q(-6).
1
Let b(y) = -y**3 - 39*y**2 - 41*y - 100. Determine b(-38).
14
Let o(b) = 55*b - 105. Determine o(2).
5
Let x(d) = d + 5. Determine x(6).
11
Let m(z) = -z**2 + 5*z + 4. What is m(4)?
8
Let j(p) = p**3 - 3*p**2 + 4*p. Calculate j(3).
12
Let q(k) = k**3 + 8*k**2 - 14*k - 34. Give q(-9).
11
Let b(f) = f**3 - 7*f**2 - 2*f + 7. Give b(8).
55
Let u(k) = -k**2 - 15*k - 30. What is u(-13)?
-4
Let h(a) = -6*a + 60. Calculate h(11).
-6
Let k(m) = -12*m - 32. Determine k(-4).
16
Let v(p) = 57*p - 39. What is v(1)?
18
Let f(t) = t**3 + t**2 + 2*t + 13. Determine f(0).
13
Let l(i) = -i**2 + 2*i + 25. Calculate l(-4).
1
Let m(v) = v**3 - 14*v**2 - 10*v - 30. What is m(15)?
45
Let y(s) = -s**3 - 24*s**2 - 130*s - 38. Calculate y(-16).
-6
Let o(t) = t + 12. Calculate o(-5).
7
Let t(j) = -5*j**2 - 2*j - 2. Determine t(-1).
-5
Let g(r) = r**3 + 8*r**2 - 30*r - 4. Calculate g(3).
5
Let g(a) = a**3 + 35*a**2 - 33*a + 107. Give g(-36).
-1
Let x(c) = c**3 + 3*c**2 - 18*c + 10. Calculate x(-6).
10
Let j(h) = h**2 + 2*h - 1. Give j(-2).
-1
Let l(y) = -3*y - 30. Give l(-15).
15
Let y(a) = a**3 + 5*a**2 + 7. Determine y(-5).
7
Let c(h) = 13*h - 2. What is c(2)?
24
Let p(x) = -x**2 + 5*x - 8. Calculate p(6).
-14
Let g(m) = -m - 23. Calculate g(-14).
-9
Let x(y) = y**2 + 6*y + 5. What is x(-5)?
0
Let n(u) = -u**3 - 7*u**2 + 11*u - 2. Calculate n(1).
1
Let z(x) = x**2 + 3*x + 1. Determine z(-5).
11
Let c(i) = 2*i - 15. Calculate c(11).
7
Let y(o) = -o + 8. What is y(8)?
0
Let l(n) = n**2 - 40*n + 1. Calculate l(40).
1
Let q(c) = -c**3 + 21*c**2 - 44*c + 1. What is q(19)?
-113
Let g(a) = 4*a**2 + 2*a + 2. What is g(-3)?
32
Let g(a) = -a**3 - 3*a + 2. Give g(1).
-2
Let l(h) = 5*h + 41. What is l(-10)?
-9
Let f(u) = -4*u**3 - 5*u**2 + 3*u - 3. Calculate f(3).
-147
Let h(r) = r + 38. Calculate h(-21).
17
Let r(j) = -3*j**2 + 70*j + 55. Calculate r(24).
7
Let l(b) = -2*b**2 - 4*b + 8. Calculate l(-2).
8
Let v(f) = -2*f**3 + 3*f**2 + f - 6. Calculate v(2).
-8
Let i(u) = 6*u**2 - 102*u - 21. Give i(17).
-21
Let r(q) = -q**2 + 11*q - 31. Calculate r(5).
-1
Let f(m) = 35*m - 5. Calculate f(2).
65
Let z(x) = 6*x + 1. Calculate z(-4).
-23
Let q(c) = c**3 + 5*c**2 - 36*c + 6. Determine q(-9).
6
Let i(y) = -4*y + 1. Give i(-1).
5
Let i(k) = -5*k**2 - 3*k. What is i(-4)?
-68
Let h(w) = -w**3 + w - 46. Calculate h(0).
-46
Let z(a) = -a**2 - 13*a - 4. Give z(-6).
38
Let k(n) = 3*n**2 + 4*n + 9. Calculate k(-2).
13
Let s(y) = -3*y + 14. Determine s(7).
-7
Let g(w) = -w**2 - w + 8. Calculate g(6).
-34
Let l(c) = -10*c**2 + 5*c - 22. Give l(4).
-162
Let g(n) = -n**3 - 13*n**2 - 12*n - 3. What is g(-12)?
-3
Let y(b) = -b**2 - 2*b - 11. Determine y(0).
-11
Let f(q) = -q**2 - 8*q + 37. What is f(-11)?
4
Let j(u) = -u + 2. Calculate j(-3).
5
Let p(b) = -60*b**3 + b**2 - b + 1. Determine p(1).
-59
Let g(s) = s**3 + s**2 - 21*s. Determine g(-5).
5
Let f(o) = o**2 - 13*o + 15. Determine f(12).
3
Let a(s) = 34*s**3 - 2*s**2 - 2*s - 1. Calculate a(-1).
-35
Let b(a) = a**2 - 18*a + 19. Calculate b(12).
-53
Let y(o) = o**2 + 12*o - 5. Give y(-11).
-16
Let t(h) = h**2 + 36*h + 1. What is t(-39)?
118
Let t(p) = -22*p + 73. Give t(3).
7
Let h(w) = -w**3 - 7*w**2 - 9*w - 10. What is h(-6)?
8
Let t(o) = 230*o - 918. Give t(4).
2
Let j(s) = s**2 - 4*s. What is j(4)?
0
Let o(n) = n**3 + n**2 + 1. What is o(-2)?
-3
Let o(d) = 2*d - 28. What is o(28)?
28
Let h(c) = 7*c**2 + 11*c + 9. Determine h(-1).
5
Let y(w) = w**3 - 16*w**2 + 12*w + 9. Give y(15).
-36
Let x(p) = -2*p - 38. Calculate x(-13).
-12
Let n(g) = -g + 6. Give n(-3).
9
Let l(h) = 29*h + 16. Give l(-1).
-13
Let c(d) = -3*d - 22. What is c(-14)?
20
Let b(i) = -i**2 + 13*i - 13. Determine b(10).
17
Let z(w) = w**2 - w - 31. Calculate z(5).
-11
Let o(t) = 10*t**3 - 3*t - 2. Determine o(-1).
-9
Let u(y) = y**2 - 17*y + 44. What is u(5)?
-16
Let j(z) = z**3 - 7*z**2 + 3*z - 3. Calculate j(6).
-21
Let o(a) = -a**3 + 6*a**2 + 1. Determine o(6).
1
Let w(c) = -2*c**2 - 4*c + 16. Calculate w(-5).
-14
Let l(k) = k**3 - 9*k**2 - 12*k - 7. Determine l(10).
-27
Let s(u) = u**2 + 6*u - 5. Give s(-6).
-5
Let p(j) = 6*j + 8. Determine p(-11).
-58
Let w(o) = o - 5. Give w(-5).
-10
Let w(b) = 4*b - 3. Determine w(-6).
-27
Let i(c) = c - 2. What is i(0)?
-2
Let i(q) = -3*q + 41. What is i(20)?
-19
Let s(o) = o**3 + 7*o**2 - 2*o - 14. Determine s(-7).
0
Let u(t) = -t**3 + 2*t**2 - 4*t + 20. Give u(0).
20
Let i(w) = 2*w**2 + 46*w + 49. Give i(-22).
5
Let y(q) = 15*q - 8. Calculate y(-2).
-38
Let b(w) = -w**3 + 22*w**2 + 22*w + 23. Give b(23).
0
Let a(q) = 6*q**3 - 4*q**2 + q + 2. Calculate a(2).
36
Let j(h) = 2*h**3 + 16*h**2 + 5*h + 41. Give j(-8).
1
Let x(m) = -2*m**3 - 5*m**2 - 2*m + 1. Calculate x(1).
-8
Let y(p) = p**3 + 9*p**2 + 11*p. Calculate y(-6).
42
Let c(s) = -s - 2. Give c(8).
-10
Let t(k) = 14*k + 2. Give t(-3).
-40
Let g(u) = -u**3 - 8*u**2 + 5*u + 11. Give g(-9).
47
Let c(z) = -12*z + 14. Give c(2).
-10
Let f(w) = -38*w + 227. Determine f(6).
-1
Let o(j) = 20*j - 23. What is o(0)?
-23
Let m(y) = -7*y + 264. Determine m(41).
-23
Let h(y) = y**2 - 5*y - 132. Give h(-9).
-6
Let w(r) = 5*r - 9. What is w(-4)?
-29
Let d(z) = -2*z + 3. What is d(11)?
-19
Let v(s) = -5*s**2 + 5. Determine v(-4).
-75
Let g(n) = n**2 + 9*n - 12. Calculate g(-9).
-12
Let t(v) = -2*v**3 + 5*v**2 - v. Calculate t(4).
-52
Let r(q) = 7*q**2 - q + 1. What is r(1)?
7
Let z(n) = 4*n**2 - 4*n - 6.